 (336 - 334) - -50.
29
47 + 1 + -4 - ((-13 - 0) + 557 + -541)
41
Calculate -26 + -27 + 28 + (0 - -19) - (-2 + -104).
100
Calculate -6 - (0 + 14 + -64 + (22 - 18)).
40
What is 11 + -9 + 7 + 1 + -3 + -16 + -10?
-19
Evaluate -8 + (-2 - (-2 + (-9 - -5) - 6)).
2
-12 - (-13 - (-7 + 63)) - 12 - 2
43
-7 + (-8 - (16 + (30 - 58) + (55 - -5)))
-63
What is the value of (-2 - -19) + 50 + (1 - 33)?
35
Evaluate (-4 - 0) + 0 - ((42 - 17) + -22).
-7
Calculate (-7 + -1 - (74 + -77 + 2)) + 15.
8
Calculate -9 + -153 + 66 + -29.
-125
Evaluate -6 + (34 + -14 - (-12 + 22)) + -6.
-2
What is the value of 0 + 4 - -2 - 5 - (-200 + 219)?
-18
What is (-11 - (5 + -21)) + (8 - (6 - -3 - -2))?
2
Calculate -22 + 6 + 5 + (-7 - 1 - -4).
-15
What is the value of -44 + (-22 - 41) + 99?
-8
What is (9 + (-12 - -15) - 3) + 71?
80
Evaluate 35 - (21 - ((-6 - -2) + -1 + 419 + -399)).
29
-102 - -370 - (-79 - -227)
120
What is the value of 1 + 8 + -6 + 8 - (-16 + -38)?
65
What is the value of -15 + (-24 - (5 - 14)) + 29?
-1
-40 - -50 - ((-3 - -9) + -33 + -1)
38
Evaluate (16 - 36) + 27 + -34 + 86.
59
What is the value of (5 - (9 - 20)) + (-96 - -3)?
-77
Calculate -3 - ((-4 - -16) + (4 - 1) + 28 + -34).
-12
What is 2 + 15 + 0 + 0 - (-112 + 197 + -87)?
19
Calculate 23 + (-60 - -126 - 21).
68
What is (12 - 24) + 19 + -25?
-18
What is 0 + 41 + (511 - 537) - (0 + 147)?
-132
What is the value of 1953 - 1942 - (36 - -1)?
-26
Calculate 27 + -49 - 57 - -36.
-43
What is (-4 - -95) + (7 - 2 - (-6 + 17 - 8))?
93
Calculate 11 - (3 + 1) - -56 - (16 - -2).
45
Evaluate 38 - (47 + 30 + -30).
-9
(2 - 2) + 2 + 14 + (-334 + 169 - -176)
27
10 + 1 + (18 - (46 + -25 + -6 - -42))
-28
Evaluate 27 + -11 - (-2 + 85 + -18).
-49
Calculate (27 + -19 - (35 - (6 - 8))) + 9.
-20
Evaluate -52 + -24 + 6 + 10 + 1 + (-2 - -1).
-60
Calculate -43 + -51 + (6 - -12) + 14 + (-2 - -14).
-50
Evaluate (-50 - 24 - -37) + 26 + -34.
-45
What is the value of 0 + 20 - (24 + -203 + 98)?
101
What is 73 + (-58 - (-42 - -42))?
15
52 + -14 + (-150 - -73)
-39
What is 10 + (-11 - 9) - (2 + -9 + (1 - 5))?
1
What is the value of -100 + (-39 - -8) - (-22 + -19)?
-90
What is 1038 - 1042 - (-2 + -17) - (-28 - -1)?
42
What is the value of (-36 - -18 - -50 - -8) + -17?
23
Evaluate -56 - (41 + -42) - -19.
-36
What is the value of (4 - (-2 + 4 - (-11 + 8))) + (-10 - -16)?
5
158 + (-58 + 43 - 8) + (-1 - 5)
129
Calculate 65 + 0 - (-35 + 79).
21
What is the value of -9 + 8 + (20 + 24 - 25)?
18
Evaluate -32 + -2 - (1217 - 1189).
-62
-11 - (-8 - ((39 - 28) + -6))
2
What is (154 - (2 - -18)) + (-87 - -52)?
99
Calculate 37 + (19 - (-14 - -22)) + 8.
56
-12 - (3 - (-24 + (22 - 18) + 1))
-34
What is (-6 - (9 + 79)) + -16 + (6 - -24) - 2?
-82
What is the value of (12 - (42 + -11)) + 23 + 53?
57
What is 48 - (-90 + 156) - (-1 - 13)?
-4
What is 9 + 2 + (-918 + 916 - ((-3 - 28) + 3))?
37
What is the value of (23 - -3) + (98 + -46 - 174)?
-96
Calculate 10 + (120 - 106) + -62 + -3.
-41
Evaluate -47 + (-37 - 16) + 166.
66
Calculate 21 + -17 + -20 + 101 + -21.
64
Evaluate 13 + -16 + -3 + 7 + -7 + -50.
-56
What is the value of (1 - 0) + -8 + -18 + 96 + -59 - 36?
-24
Calculate -1 + 3 + (155 - 171 - (-65 - 1)).
52
What is -45 + 27 - -8 - 15 - (-7 - 0)?
-18
3 + -4 + -1 - 18 - (-606 + 618)
-32
Evaluate 0 + 6 - (33 + 26) - ((27 - 25) + 9).
-64
Evaluate (-6 - 25) + 8 - (-10 + -66).
53
96 + -27 + 41 - 34
76
Calculate 82 - (-37 + 4) - 90.
25
What is the value of -18 - (-127 + 1 + 132)?
-24
What is -94 + -71 + 208 + (1 - 24)?
20
What is 568 - 542 - (-44 - (6 + -9))?
67
(9 - (-11 + 1 + -7)) + (11 - 6 - 4)
27
Evaluate (-53 + -2 - 1) + 6 + (-9 - (14 + -20)).
-53
What is the value of -3 - (2 - ((-70 + 71 - (-2 - 1)) + -6))?
-7
(-2 + 0 - -2) + -43 - ((33 - -61) + -100)
-37
What is the value of 0 + -8 - (4 + -4 - (25 - -56))?
73
What is the value of (-82 - -93 - -51) + -82?
-20
Evaluate (-6 - -21 - (-28 - -5)) + -5.
33
Calculate -17 + 2 - (-530 + 576).
-61
Calculate 85 + 0 + (-203 - -157).
39
What is (-31 - 4) + (-2087 - -2121)?
-1
5 + 104 + 15 - ((1 - -6) + 4 - 8)
121
What is (-3 - (13 - 9)) + (185 - 181)?
-3
(13 - -7 - 54) + 11 + -21
-44
Calculate 48 + -7 + 4 - (-3 + 23 + -7 - 8).
40
What is the value of 116 + -2 - (46 + (-17 - 5))?
90
Calculate (-40 + 95 - 28 - 7) + -54.
-34
Evaluate 20 - (83 + (15 - -4) + -39).
-43
2 + (-41 + 8 - ((-4 - -11) + -7))
-31
What is 16 + 7 + (-3 - (-7 + 7)) + -6?
14
Calculate 52 - 105 - (-45 + 3).
-11
-104 - (-50 - (36 - -20))
2
-1 + (19 - (67 - 21)) + 8
-20
Evaluate -12467 + 12460 + (-1 - 0 - -21).
13
Evaluate 32 + 33 + (-29 - -19) + -1.
54
What is -55 - (-34 - (-44 - (-37 - -32)))?
-60
123 + -276 - -112 - (89 - -2)
-132
Calculate 77 - (-5 - -11) - -6 - (-87 + 100).
64
Calculate (-1147 - -1035 - (2 - 5)) + (1 - 2) + 12.
-98
Evaluate 0 + (19 - 16) + (-25 - -16 - -6).
0
Calculate -80 + -128 + 129 - -24.
-55
-50 + 37 + 57 - 1
43
Evaluate 109 - (300 + -186) - (0 + -3 - (69 + 0)).
67
Calculate 0 + 18 + (115 - (86 + -31)) + 42.
120
Evaluate (-401 - -397) + (-11 - 0) + (-7 - (-3 - 4)).
-15
What is (-87 + 99 - 74) + 93?
31
Evaluate (-1844 - -1828) + -2 + 0 + 62 + 16.
60
What is (-153 - -161) + 42 + -1 + (4 - (4 - 0))?
49
(79 - (-59 + 174)) + -69
-105
Evaluate (71 - 0) + (-1 + 12 - (-89 - -91 - -8)).
72
Calculate (17 - -5) + 34 + (9 - (21 + 0)).
44
What is 11 + -20 - (-2 + 8 + (-116 - -123))?
-22
What is the value of (-7 - (-84 + 41)) + -10 + 2?
28
Evaluate -15 + 6 + (4 - -9) + 132 + 4.
140
Calculate (-7 - -15) + (2 - (-8 + 6 + -11 - -4)).
19
Evaluate 33 - 16 - 54 - (-18 - 14).
-5
What is (13 - (-11 - (-4 + -40 - 0))) + -4?
-24
What is the value of 79 + -30 + -342 + 385?
92
What is the value of 1 + (-9 - 1) + 15 - -4?
10
(7 - (9 + 2)) + (5 - 2 - -7)
6
Calculate 122 + -131 + (1 - -7) - (21 - 9 - 90).
77
-5 - (-40 + 2 + -20) - 15
38
What is the value of -40 - (13 + -14 - (0 - (16 - 8) - -10))?
-37
Calculate 70 + 47 + -115 + -18.
-16
Evaluate (-16 - (-6 - -3)) + (-791 - -759).
-45
What is the value of 112 + (34 - ((-40 - -109) + -34))?
111
What is 3 + 2 + 9 + 3 - 17 - -45?
45
Evaluate 29 - ((-9 - 20) + 17) - 78.
-37
What is the value of 138 - (27 - (5 + 2 + 3 + 0))?
121
Calculate -9 + -2 - (-6 + 2 + 6 - -11).
-24
What is the value of -96 + -14 + 110 + 22?
22
What is the value of 19 + (-4 - 0) + 4 + 5 + 4?
28
-156 + (-1 - -4) + -1 + (-53250 - -53248)
-156
What is the value of (20 - 0) + (42 - (61 + 26))?
-25
Evaluate -1 + 2 - (1432 + -1459 + 1 + 40).
-13
Calculate 7 - (10 + -8 - 14 - (16 + -34 + -96)).
-95
What is the value of 32 - ((-59 - -154) + -94)?
31
Evaluate (-12 - 10) + (-112 - -81).
-53
-21 + (-3486 - -3485 - (12 - (0 + -1)))
-35
Evaluate -26 - 61 - 8 - (43 + -24).
-114
What is the value of -37 - ((11 - 9) + -12) - (0 + 9)?
-36
What is 5 + (-3 - -2) + ((35 - 34) + -7 - 71)?
-73
What is the value of -12 + -9 + 28 - (360 + -276 - (0 + 12))?
-65
What is (289 - 1 - 294) + (0 - 1) + 21?
14
What is -5 + (-18 - -9) + -525 + 511?
-28
Calculate 457 + -490 - (2 + -68).
33
Evaluate (-20 - -1) + (1634 - 1595).
20
What is -46 + (-2 - -1 - ((-2 - -6) + -8))?
-43
Evaluate -24 - ((-18 - -13) + -26) - -10.
17
What is -13 - (-13 - 1 - (-13 + 21 - 16)) - 40?
-47
What is 15 - -3 - (1 + -3 - -106 - -20)?
-106
What is 110 - 173 - (11 - 12 - -2)?
-64
Calculate 1 - -6 - ((482 - 484) + (80 - -1)).
-72
5 - ((-17 - (5 + -21)) + 14 - -110) - -13
-105
What is -43 + (-7 - (16 - -22) - -14)?
-74
Calculate 42 + 13 - 12 - (-3 + (5 - 8) + 4).
45
What is the value of (52 - 67) + 5 - -75?
65
(-2 - -153) + (40 - 38) - 41
112
23 + (8 + (9 - 6) - (5 - (15 + -23)))
21
What is 0 - -2 - (-3 - -8) - (37 + -40 + -38)?
38
(-80 - -71) + (-17 - -3) + -16 + 37
-2
Calculate 2 + -6 + 72 + 10 + 8 + -21 + 27.
92
-153 - (-10 + 14 - -9 - (2 - -19))
-145
Calculate -40 + (15 - (9 + -89)) + -43.
12
Calculate -55 + (-42 + 93 + -39 - (0 + 0 + 17)).
-60
What is the value of -4 - ((308 - 318) + -1 + 23) - -81?
65
Evaluate 3 + -19 + 4 + 0 + 36.
24
Calculate -58 + (36 - (45 + -110)).
43
Calculate 2 + 15 + (19 - (22 + 8 + -20)).
26
Evaluate 46 + -41 - 3 - (-2 + 16).
-12
What is (35 + (-3 - (21 + -8)) - 5) + -138 + 8?
-116
35 + -16 + -10 + 8 + (-4 - -2)
15
Calculate 53 - (27 - (1 + 31)).
58
Calculate 12 + 42 + -60 - (-9 + -2).
5
Evaluate 20 + (-5 - 0) - (1003 - 1009).
21
Calculate -11 + 21 - 11 - (-1 - 1) - (103 + -5